{"id":6,"date":"2008-04-28T00:00:00","date_gmt":"2008-04-27T23:00:00","guid":{"rendered":"http:\/\/fgpereira.wordpress.com\/about\/"},"modified":"2022-04-23T19:51:56","modified_gmt":"2022-04-23T18:51:56","slug":"about","status":"publish","type":"page","link":"https:\/\/fgpereira.antadaestria.net\/?page_id=6","title":{"rendered":"Sobre Filipe Gameiro Pereira"},"content":{"rendered":"<p><a href=\"https:\/\/i0.wp.com\/fgpereira.antadaestria.net\/wp-content\/uploads\/2008\/04\/filipe-gameiro-pereira_r.jpg?ssl=1\"><img data-recalc-dims=\"1\" loading=\"lazy\" decoding=\"async\" class=\"alignleft size-medium wp-image-17\" src=\"https:\/\/i0.wp.com\/fgpereira.antadaestria.net\/wp-content\/uploads\/2008\/04\/filipe-gameiro-pereira_r.jpg?resize=180%2C300&#038;ssl=1\" alt=\"\" width=\"180\" height=\"300\"><\/a>No 40.\u00ba Anivers\u00e1rio da sua morte inicia-se a divulga\u00e7\u00e3o do que foram as suas actividades como \u00e1rbitro, dirigente e jornalista do futebol portugu\u00eas entre 1931 e 1968, recorrendo aos materiais encontrados no seu esp\u00f3lio constitu\u00eddo por artigos publicados, fotografias, apontamentos e outras documenta\u00e7\u00f5es.<\/p>\n<p><strong>Filipe Gameiro Pereira <\/strong>nasceu em Lisboa a 18 de Agosto de 1911, tendo desenvolvido a sua actividade profissional na Shell Portuguesa ao longo de 43 anos.<\/p>\n<p><strong>Percurso Desportivo<br \/>\n<\/strong>Iniciou-se no futebol como jogador-amador ainda muito novo e, pelos registos dispon\u00edveis, calcula-se que tenha exercido essa actividade durante 10 anos, ap\u00f3s o que enveredou pela arbitragem.<br \/>\nA partir de 1931 foi \u00e1rbitro nos v\u00e1rios escal\u00f5es (Regional e Nacional) tendo dirigido tamb\u00e9m jogos representativos internacionais de clubes.<br \/>\nEm 1944 foi um dos fundadores do Clube Desportivo de Belas, vila onde vivia na altura.<br \/>\nDepois de 1948 esteve presente na maior parte dos Cursos Internacionais da FIFA como participante ou conferencista (Reino Unido, Espanha, Alemanha, Su\u00ed\u00e7a e Tun\u00edsia).<br \/>\nAp\u00f3s 19 anos de actividade como \u00e1rbitro, abandona a mesma principalmente por motivos de sa\u00fade e dedica-se ao estudo dos problemas da arbitragem, mat\u00e9ria em que se torna um dos melhores especialistas portugueses reconhecido internacionalmente.<br \/>\n\u00c9 ent\u00e3o que passa a ser secret\u00e1rio-geral da da Federa\u00e7\u00e3o Portuguesa e membro da Comiss\u00e3o T\u00e9cnica da mesma.<\/p>\n<p>De 1950 a 1953 foi secret\u00e1rio-geral da Comiss\u00e3o Central de \u00c1rbitros por nomea\u00e7\u00e3o da Federa\u00e7\u00e3o Portuguesa de Futebol e presidente da mesma durante cinco anos nomeado pelo Minist\u00e9rio da Educa\u00e7\u00e3o.<br \/>\nNeste per\u00edodo ocupou-se tamb\u00e9m da organiza\u00e7\u00e3o de Cursos de Forma\u00e7\u00e3o para \u00c1rbitros em Portugal onde foi conferencista e director dos mesmos. Fez parte do Conselho T\u00e9cnico da Federa\u00e7\u00e3o Portuguesa de Futebol designado pela Associa\u00e7\u00e3o de Futebol de Lisboa.<br \/>\nEm 1959 Ingressou no Quadro de Leccionadores e Instrutores da Comiss\u00e3o de Arbitragem da FIFA.<br \/>\nEm 1966, ap\u00f3s o Mundial de Futebol desse ano, foi indicado para a Comiss\u00e3o de Arbitragem da FIFA representando Portugal naquele organismo.<\/p>\n<p><strong>Actividade jornal\u00edstica<br \/>\n<\/strong>Paralelamente ao seu percurso como \u00e1rbitro e dirigente escrevia artigos sobre a pr\u00e1tica do futebol, desde 1948.<strong><br \/>\n<\/strong>\u00c9 principalmente gra\u00e7as \u00e0 sua iniciativa que nasce o Boletim Mensal<strong> \u201cO \u00c1rbitro\u201d<\/strong> onde colabora activamente ao longo dos seus onze anos de exist\u00eancia (1957).<br \/>\nEm 1960-61 escreve regularmente para o jornal desportivo <strong>&#8220;A Bola&#8221;<\/strong> na rubrica <strong><em>&#8220;Panorama da Arbitragem&#8221;<\/em><\/strong><em> e em 1962 na rubrica <\/em><strong><em>&#8220;Quest\u00f5es de Arbitragem&#8221;<\/em><\/strong>.<br \/>\nEntre 1966 e 1968 escreve para os jornais: <strong>\u201cDi\u00e1rio Popular\u201d <\/strong>&#8211; <em><strong>\u201cUma vez por semana\u201d<\/strong><\/em>; <strong>\u201cRecord\u201d <\/strong>&#8211;<em><strong>\u201cO Campeonato do Mundo de Futebol &#8211; 1966\u201d, \u201cTemas de Arbitragem\u201d; \u201cMiscel\u00e2nea\u201d<\/strong><\/em><br \/>\nPublicou ainda dois livros: \u201c<strong>O Que foi o Curso de Londres\u201d<\/strong> (1951) e <strong>\u201cApontamentos sobre a arbitragem do futebol\u201d<\/strong>(1963).<\/p>\n<p>Desde 1953 que se ocupou da organiza\u00e7\u00e3o e direc\u00e7\u00e3o dos <strong>\u201cCursos de Aperfei\u00e7oamento de Arbitragem\u201d<\/strong>, tendo sido realizado o primeiro em Lisboa a 23 de Julho de 1954.<br \/>\nEm 1967 leccionou no <strong>\u201cI Curso de Treinadores de Futebol\u201d<\/strong> a mat\u00e9ria \u201cLeis do Jogo\u201d. Levou aos mais diversos pontos do pa\u00eds, atrav\u00e9s de palestras, a informa\u00e7\u00e3o e o esclarecimento sobre variados temas acerca do futebol e em particular da arbitragem.<br \/>\nNa fase final da sua vida dedicava grande aten\u00e7\u00e3o, e esbo\u00e7ou projectos, sobre o \u201cDesenvolvimento do Futebol Juvenil\u201d, tema que infelizmente j\u00e1 n\u00e3o p\u00f4de desenvolver.<br \/>\nNo Domingo 28 de Abril de 1968, com 57 anos, faleceu na sua casa em Queluz, v\u00edtima de um acidente vascular cerebral. Em Agosto do mesmo ano \u00e9-lhe conferida a t\u00edtulo p\u00f3stumo a Medalha de Bons Servi\u00e7os Desportivos.<\/p>\n<hr>\n<p><strong>INFORMA\u00c7\u00c3O IMPORTANTE:<\/strong><\/p>\n<div class=\"textwidget\">\n<p>N\u00e3o \u00e9 permitida a c\u00f3pia e uso de qualquer conte\u00fado (imagens, textos, etc) deste blogue sem pr\u00e9via autoriza\u00e7\u00e3o.<\/p>\n<p>Mais se esclarece que este espa\u00e7o n\u00e3o se destina a alimentar pol\u00e9micas in\u00fateis mas apenas registar informa\u00e7\u00e3o sobre uma \u00e9poca e a ac\u00e7\u00e3o desenvolvida por Filipe Gameiro Pereira como \u00c1rbitro, Dirigente da Arbitragem de Futebol e Representante de Portugal na Comiss\u00e3o de Arbitragem da FIFA.<\/p>\n<\/div>\n","protected":false},"excerpt":{"rendered":"<p>No 40.\u00ba Anivers\u00e1rio da sua morte inicia-se a divulga\u00e7\u00e3o do que foram as suas actividades como \u00e1rbitro, dirigente e jornalista do futebol portugu\u00eas entre 1931 e 1968, recorrendo aos materiais encontrados no seu esp\u00f3lio constitu\u00eddo por artigos publicados, fotografias, apontamentos e outras documenta\u00e7\u00f5es. Filipe Gameiro Pereira nasceu em Lisboa a 18 de Agosto de 1911, &hellip; <a href=\"https:\/\/fgpereira.antadaestria.net\/?page_id=6\" class=\"more-link\">Continuar a ler<span class=\"screen-reader-text\">Sobre Filipe Gameiro Pereira<\/span> <span class=\"meta-nav\">&rarr;<\/span><\/a><\/p>\n","protected":false},"author":1,"featured_media":180,"parent":0,"menu_order":0,"comment_status":"open","ping_status":"closed","template":"","meta":{"jetpack_post_was_ever_published":false,"footnotes":""},"class_list":["post-6","page","type-page","status-publish","has-post-thumbnail","hentry"],"jetpack_sharing_enabled":true,"_links":{"self":[{"href":"https:\/\/fgpereira.antadaestria.net\/index.php?rest_route=\/wp\/v2\/pages\/6","targetHints":{"allow":["GET"]}}],"collection":[{"href":"https:\/\/fgpereira.antadaestria.net\/index.php?rest_route=\/wp\/v2\/pages"}],"about":[{"href":"https:\/\/fgpereira.antadaestria.net\/index.php?rest_route=\/wp\/v2\/types\/page"}],"author":[{"embeddable":true,"href":"https:\/\/fgpereira.antadaestria.net\/index.php?rest_route=\/wp\/v2\/users\/1"}],"replies":[{"embeddable":true,"href":"https:\/\/fgpereira.antadaestria.net\/index.php?rest_route=%2Fwp%2Fv2%2Fcomments&post=6"}],"version-history":[{"count":4,"href":"https:\/\/fgpereira.antadaestria.net\/index.php?rest_route=\/wp\/v2\/pages\/6\/revisions"}],"predecessor-version":[{"id":303,"href":"https:\/\/fgpereira.antadaestria.net\/index.php?rest_route=\/wp\/v2\/pages\/6\/revisions\/303"}],"wp:featuredmedia":[{"embeddable":true,"href":"https:\/\/fgpereira.antadaestria.net\/index.php?rest_route=\/wp\/v2\/media\/180"}],"wp:attachment":[{"href":"https:\/\/fgpereira.antadaestria.net\/index.php?rest_route=%2Fwp%2Fv2%2Fmedia&parent=6"}],"curies":[{"name":"wp","href":"https:\/\/api.w.org\/{rel}","templated":true}]}}

<p><a href="https://i0.wp.com/fgpereira.antadaestria.net/wp-content/uploads/2008/04/filipe-gameiro-pereira_r.jpg?ssl=1"><img data-recalc-dims="1" loading="lazy" decoding="async" class="alignleft size-medium wp-image-17" src="https://i0.wp.com/fgpereira.antadaestria.net/wp-content/uploads/2008/04/filipe-gameiro-pereira_r.jpg?resize=180%2C300&#038;ssl=1" alt="" width="180" height="300"></a>No 40.º Aniversário da sua morte inicia-se a divulgação do que foram as suas actividades como árbitro, dirigente e jornalista do futebol português entre 1931 e 1968, recorrendo aos materiais encontrados no seu espólio constituído por artigos publicados, fotografias, apontamentos e outras documentações.</p>
<p><strong>Filipe Gameiro Pereira </strong>nasceu em Lisboa a 18 de Agosto de 1911, tendo desenvolvido a sua actividade profissional na Shell Portuguesa ao longo de 43 anos.</p>
<p><strong>Percurso Desportivo<br />
</strong>Iniciou-se no futebol como jogador-amador ainda muito novo e, pelos registos disponíveis, calcula-se que tenha exercido essa actividade durante 10 anos, após o que enveredou pela arbitragem.<br />
A partir de 1931 foi árbitro nos vários escalões (Regional e Nacional) tendo dirigido também jogos representativos internacionais de clubes.<br />
Em 1944 foi um dos fundadores do Clube Desportivo de Belas, vila onde vivia na altura.<br />
Depois de 1948 esteve presente na maior parte dos Cursos Internacionais da FIFA como participante ou conferencista (Reino Unido, Espanha, Alemanha, Suíça e Tunísia).<br />
Após 19 anos de actividade como árbitro, abandona a mesma principalmente por motivos de saúde e dedica-se ao estudo dos problemas da arbitragem, matéria em que se torna um dos melhores especialistas portugueses reconhecido internacionalmente.<br />
É então que passa a ser secretário-geral da da Federação Portuguesa e membro da Comissão Técnica da mesma.</p>
<p>De 1950 a 1953 foi secretário-geral da Comissão Central de Árbitros por nomeação da Federação Portuguesa de Futebol e presidente da mesma durante cinco anos nomeado pelo Ministério da Educação.<br />
Neste período ocupou-se também da organização de Cursos de Formação para Árbitros em Portugal onde foi conferencista e director dos mesmos. Fez parte do Conselho Técnico da Federação Portuguesa de Futebol designado pela Associação de Futebol de Lisboa.<br />
Em 1959 Ingressou no Quadro de Leccionadores e Instrutores da Comissão de Arbitragem da FIFA.<br />
Em 1966, após o Mundial de Futebol desse ano, foi indicado para a Comissão de Arbitragem da FIFA representando Portugal naquele organismo.</p>
<p><strong>Actividade jornalística<br />
</strong>Paralelamente ao seu percurso como árbitro e dirigente escrevia artigos sobre a prática do futebol, desde 1948.<strong><br />
</strong>É principalmente graças à sua iniciativa que nasce o Boletim Mensal<strong> “O Árbitro”</strong> onde colabora activamente ao longo dos seus onze anos de existência (1957).<br />
Em 1960-61 escreve regularmente para o jornal desportivo <strong>&#8220;A Bola&#8221;</strong> na rubrica <strong><em>&#8220;Panorama da Arbitragem&#8221;</em></strong><em> e em 1962 na rubrica </em><strong><em>&#8220;Questões de Arbitragem&#8221;</em></strong>.<br />
Entre 1966 e 1968 escreve para os jornais: <strong>“Diário Popular” </strong>&#8211; <em><strong>“Uma vez por semana”</strong></em>; <strong>“Record” </strong>&#8211;<em><strong>“O Campeonato do Mundo de Futebol &#8211; 1966”, “Temas de Arbitragem”; “Miscelânea”</strong></em><br />
Publicou ainda dois livros: “<strong>O Que foi o Curso de Londres”</strong> (1951) e <strong>“Apontamentos sobre a arbitragem do futebol”</strong>(1963).</p>
<p>Desde 1953 que se ocupou da organização e direcção dos <strong>“Cursos de Aperfeiçoamento de Arbitragem”</strong>, tendo sido realizado o primeiro em Lisboa a 23 de Julho de 1954.<br />
Em 1967 leccionou no <strong>“I Curso de Treinadores de Futebol”</strong> a matéria “Leis do Jogo”. Levou aos mais diversos pontos do país, através de palestras, a informação e o esclarecimento sobre variados temas acerca do futebol e em particular da arbitragem.<br />
Na fase final da sua vida dedicava grande atenção, e esboçou projectos, sobre o “Desenvolvimento do Futebol Juvenil”, tema que infelizmente já não pôde desenvolver.<br />
No Domingo 28 de Abril de 1968, com 57 anos, faleceu na sua casa em Queluz, vítima de um acidente vascular cerebral. Em Agosto do mesmo ano é-lhe conferida a título póstumo a Medalha de Bons Serviços Desportivos.</p>
<hr>
<p><strong>INFORMAÇÃO IMPORTANTE:</strong></p>
<div class="textwidget">
<p>Não é permitida a cópia e uso de qualquer conteúdo (imagens, textos, etc) deste blogue sem prévia autorização.</p>
<p>Mais se esclarece que este espaço não se destina a alimentar polémicas inúteis mas apenas registar informação sobre uma época e a acção desenvolvida por Filipe Gameiro Pereira como Árbitro, Dirigente da Arbitragem de Futebol e Representante de Portugal na Comissão de Arbitragem da FIFA.</p>
</div>

<p>No 40.º Aniversário da sua morte inicia-se a divulgação do que foram as suas actividades como árbitro, dirigente e jornalista do futebol português entre 1931 e 1968, recorrendo aos materiais encontrados no seu espólio constituído por artigos publicados, fotografias, apontamentos e outras documentações. Filipe Gameiro Pereira nasceu em Lisboa a 18 de Agosto de 1911, &hellip; <a href="https://fgpereira.antadaestria.net/?page_id=6" class="more-link">Continuar a ler<span class="screen-reader-text">Sobre Filipe Gameiro Pereira</span> <span class="meta-nav">&rarr;</span></a></p>
